{"id":2,"date":"2019-01-30T15:58:00","date_gmt":"2019-01-30T14:58:00","guid":{"rendered":"http:\/\/www.duztech.pl\/?page_id=2"},"modified":"2020-06-20T08:34:52","modified_gmt":"2020-06-20T06:34:52","slug":"duztech-o-nas","status":"publish","type":"page","link":"https:\/\/duztech.pl\/index.php\/duztech-o-nas\/","title":{"rendered":"DUZTECH &#8211; SYSTEMY DEZYNFEKCJI, NEUTRALIZACJI ODOR\u00d3W I ZAPYLENIA ORAZ CH\u0141ODZENIE MG\u0141\u0104 WODN\u0104"},"content":{"rendered":"\n<figure class=\"wp-block-image size-large\"><img loading=\"lazy\" decoding=\"async\" width=\"1024\" height=\"311\" src=\"http:\/\/www.duztech.pl\/wp-content\/uploads\/2020\/04\/Duztech-1024x311.jpg\" alt=\"\" class=\"wp-image-77\" srcset=\"https:\/\/duztech.pl\/wp-content\/uploads\/2020\/04\/Duztech-1024x311.jpg 1024w, https:\/\/duztech.pl\/wp-content\/uploads\/2020\/04\/Duztech-300x91.jpg 300w, https:\/\/duztech.pl\/wp-content\/uploads\/2020\/04\/Duztech-768x233.jpg 768w, https:\/\/duztech.pl\/wp-content\/uploads\/2020\/04\/Duztech-1536x466.jpg 1536w, https:\/\/duztech.pl\/wp-content\/uploads\/2020\/04\/Duztech-850x258.jpg 850w, https:\/\/duztech.pl\/wp-content\/uploads\/2020\/04\/Duztech.jpg 1709w\" sizes=\"auto, (max-width: 1024px) 100vw, 1024px\" \/><\/figure>\n\n\n\n<p> Oferujemy Pa\u0144stwu wiedz\u0119, sprz\u0119t, projektowanie system\u00f3w, oraz wsparcie w obszarze redukcji zapylenia, odor\u00f3w i ch\u0142odzenia zar\u00f3wno  wewn\u0105trz jaki na  zewn\u0105trz. Zwykle stosujemy armatki i\/lub sta\u0142e systemy zamg\u0142awiaj\u0105ce. Prezentowane produkty s\u0105 projektowane, konstruowane i montowane w Szwecji \u2013kraju, gdzie ochrona \u015brodowiska ma du\u017ce znaczenie. Produkty te s\u0105 z pewno\u015bci\u0105 technicznie wiod\u0105ce na rynku.<\/p>\n\n\n\n<p>U\u017cywamy nowoczesnych technologii, aby poprawi\u0107 \u015brodowisko. Inwestujemy w rozw\u00f3j energooszcz\u0119dnych urz\u0105dze\u0144 do redukcji zapylenia: podczas pracy urz\u0105dzenia zu\u017cywaj\u0105 minimum energii elektrycznej i tylko woda oraz powietrze s\u0105 wykorzystywane w procesie zamg\u0142awiania.<\/p>\n\n\n\n<p>Proponowane rozwi\u0105zania to nie tylko urz\u0105dzenia standardowe. Ka\u017cdy z produkt\u00f3w mo\u017ce mie\u0107 wersj\u0119 stacjonarn\u0105 lub mobiln\u0105.<br>Oferujemy sprz\u0119t najwy\u017cszej jako\u015bci, oraz szeroki wachlarz wyposa\u017cenia dodatkowego: pocz\u0105wszy od ram na ko\u0142ach, poprzez piloty<br>zdalnego sterowania, a sko\u0144czywszy na pompach dozuj\u0105cych do chemikali\u00f3w. Dost\u0119pny jest nawet w pe\u0142ni autonomiczny zestaw montowany na przyczepie, wyposa\u017cony w agregat<br>i zbiornik na wod\u0119.<\/p>\n\n\n\n<p><\/p>\n\n\n\n<figure class=\"wp-block-image size-large is-resized\"><img loading=\"lazy\" decoding=\"async\" src=\"http:\/\/www.duztech.pl\/wp-content\/uploads\/2020\/06\/duztech-stopka-dolna-1024x149.jpg\" alt=\"\" class=\"wp-image-715\" width=\"742\" height=\"107\" srcset=\"https:\/\/duztech.pl\/wp-content\/uploads\/2020\/06\/duztech-stopka-dolna-1024x149.jpg 1024w, https:\/\/duztech.pl\/wp-content\/uploads\/2020\/06\/duztech-stopka-dolna-300x44.jpg 300w, https:\/\/duztech.pl\/wp-content\/uploads\/2020\/06\/duztech-stopka-dolna-768x112.jpg 768w, https:\/\/duztech.pl\/wp-content\/uploads\/2020\/06\/duztech-stopka-dolna-850x124.jpg 850w, https:\/\/duztech.pl\/wp-content\/uploads\/2020\/06\/duztech-stopka-dolna.jpg 1044w\" sizes=\"auto, (max-width: 742px) 100vw, 742px\" \/><\/figure>\n","protected":false},"excerpt":{"rendered":"<p>Oferujemy Pa\u0144stwu wiedz\u0119, sprz\u0119t, projektowanie system\u00f3w, oraz wsparcie w obszarze redukcji zapylenia, odor\u00f3w i ch\u0142odzenia zar\u00f3wno wewn\u0105trz jaki na zewn\u0105trz. Zwykle stosujemy armatki i\/lub sta\u0142e systemy zamg\u0142awiaj\u0105ce. Prezentowane produkty s\u0105 projektowane, konstruowane i montowane w Szwecji \u2013kraju, gdzie ochrona \u015brodowiska ma du\u017ce znaczenie. Produkty te s\u0105 z pewno\u015bci\u0105 technicznie wiod\u0105ce na rynku. U\u017cywamy nowoczesnych technologii,&#8230;<\/p>\n","protected":false},"author":1,"featured_media":0,"parent":0,"menu_order":0,"comment_status":"closed","ping_status":"open","template":"","meta":{"footnotes":""},"class_list":["post-2","page","type-page","status-publish","hentry"],"_links":{"self":[{"href":"https:\/\/duztech.pl\/index.php\/wp-json\/wp\/v2\/pages\/2","targetHints":{"allow":["GET"]}}],"collection":[{"href":"https:\/\/duztech.pl\/index.php\/wp-json\/wp\/v2\/pages"}],"about":[{"href":"https:\/\/duztech.pl\/index.php\/wp-json\/wp\/v2\/types\/page"}],"author":[{"embeddable":true,"href":"https:\/\/duztech.pl\/index.php\/wp-json\/wp\/v2\/users\/1"}],"replies":[{"embeddable":true,"href":"https:\/\/duztech.pl\/index.php\/wp-json\/wp\/v2\/comments?post=2"}],"version-history":[{"count":22,"href":"https:\/\/duztech.pl\/index.php\/wp-json\/wp\/v2\/pages\/2\/revisions"}],"predecessor-version":[{"id":705,"href":"https:\/\/duztech.pl\/index.php\/wp-json\/wp\/v2\/pages\/2\/revisions\/705"}],"wp:attachment":[{"href":"https:\/\/duztech.pl\/index.php\/wp-json\/wp\/v2\/media?parent=2"}],"curies":[{"name":"wp","href":"https:\/\/api.w.org\/{rel}","templated":true}]}}